)/r)?
9
Suppose -2*a + 7*a = 10. Suppose -5*o - w = 15, -w - 13 = -o + a*w. What is the units digit of -1 + -3 + (-92)/o?
2
Let t be (-18)/(-12)*8/3. Suppose 6*v = 3*v. Suppose v = -t*y + 3 + 9. What is the units digit of y?
3
Let h(g) be the first derivative of g**4/2 + 14*g**3/3 - 41*g**2/2 + 5*g - 61. What is the hundreds digit of h(6)?
6
What is the thousands digit of 3214415/386*1/(5/2)?
3
Let a(x) = -x**3 - 11*x**2 - 17*x + 99. What is the tens digit of a(-19)?
1
Suppose -t + 29 - 18 = 0. Suppose 16*a - t*a = 530. Let b = -93 + a. What is the units digit of b?
3
What is the units digit of (-101 - 1)/(3*(-6)/48)?
2
Suppose f - 378 = -6*f. Suppose -13 = c - f. What is the tens digit of c?
4
Suppose -22*x - 9095 + 228413 = 0. What is the thousands digit of x?
9
Let g be 34/(-85)*(-1 + 166). Let m = -66 - g. Suppose h - 432 = -2*n + 3*h, m = n + 3*h - 228. What is the hundreds digit of n?
2
Let g(s) = 6*s**2 + s + 68. What is the thousands digit of g(-55)?
8
Let x = 232 - 165. Let q = x + -67. Suppose 3*t - 61 + 13 = q. What is the tens digit of t?
1
Let z(g) = g**2 + 5*g - 2. Let q be z(-5). Let j be q - (-10 - -2) - 4. What is the hundreds digit of 3/(15/10) - (-113 + j)?
1
Suppose o + 4*h = -4, 4*o + 1 = 2*h - 3*h. What is the units digit of (-51 + o)*221/(-39)?
9
Let m(i) = i**3 - 10*i**2 - 12*i + 4. Suppose -187 = 53*h - 64*h. What is the hundreds digit of m(h)?
8
Let h = -268 + 270. Suppose 5*o - 482 = 4*o - 3*c, h*o - c - 929 = 0. What is the tens digit of o?
6
Let z = 2905 - -1779. What is the units digit of z?
4
Suppose -p = h - 10449, -700*h + 5*p = -703*h + 31361. What is the ten thousands digit of h?
1
Suppose 3*p = -3*r + 408, -5*r + 0*p = -4*p - 716. Suppose 5*s + 8 = 2*f - 9, -2*s - 31 = -3*f. Suppose -15*y = -f*y - r. What is the tens digit of y?
3
Let s = -53 - -41. Let y = 14 + s. What is the tens digit of ((-597)/(-12) - 3) + y/8?
4
Suppose 2*v - 16 = -4*z, 2*z - 4*v + 7 = 5*z. What is the units digit of 6 - ((-9615)/z)/3?
7
Let u(c) = c**3 - 16*c**2 - 20*c + 55. Let i be u(17). Suppose -3*r - 50 = 5*z + 118, 5*z = -i*r - 224. What is the tens digit of (-2328)/r - 12/21?
4
Let d(o) = 48*o + 8. Let s(q) = 79*q + 19. Let v(n) = 26*n + 6. Let t(h) = -4*s(h) + 14*v(h). Let m(y) = 5*d(y) - 6*t(y). What is the units digit of m(-2)?
8
Let n(j) = -2 - 11*j + 18*j - 14*j - 4*j**2 - 2*j**2. Let r be n(-4). Let p = r - -312. What is the units digit of p?
2
Let z(f) be the third derivative of -f**5/60 + f**4/6 + 5*f**3/3 + 24*f**2. Let u be z(6). What is the hundreds digit of (-1672)/16*4/u?
2
Suppose 20*u + 323 + 445 = 24*u. What is the tens digit of u?
9
Suppose -9*w = -11078 - 12898. Suppose -9*q + 11*q - 1314 = -2*d, -w = -4*q + 5*d. What is the tens digit of q?
6
Let q(r) = 86*r - 3. Let x(y) = y**2 + 2*y + 3. Let n be x(0). Let i be q(n). Suppose i = 52*l - 49*l. What is the units digit of l?
5
Let o(q) = 10*q - 344. Let h be o(35). Suppose 823 = c - 5*k, 2*k + 3274 = 10*c - h*c. What is the units digit of c?
8
Suppose 0 = 7*d - 2225 - 6196. Let n = 2062 - d. What is the tens digit of n?
5
Suppose -16*l - 16048 = -0*l. Let o = l + 1912. What is the units digit of o?
9
Suppose -34*r = -20*r + 26*r - 601120. What is the hundreds digit of r?
0
Let l = 1325 + -685. What is the tens digit of l?
4
Let s be (-190)/(-40) - 6/8. Suppose 30 = 4*b - 3*y, 0 = -b - 0*b + s*y + 14. What is the tens digit of 11 + (-4 + b - 2)?
1
Let i = 81349 - 40583. What is the units digit of i?
6
Let j(b) be the first derivative of 39*b**2/2 - 165*b - 141. What is the hundreds digit of j(11)?
2
Let o(n) = 5*n - 6. Let z be o(2). Let u(q) = 18*q**2 + 3*q - 8. Let a be u(z). Let p = 463 - a. What is the hundreds digit of p?
1
Suppose r + 34 = 2*k - 333, 4*r = -4*k + 716. Let u = k - 83. Suppose u*z - 103*z = -840. What is the hundreds digit of z?
2
Let s(x) = x**3 - x - 9. Let z be s(0). Let i(k) = 10*k**2 + 8 + k**3 + 2027770*k - 2027761*k + 2. What is the units digit of i(z)?
0
Let z be (2/26)/((-5)/(-65)). What is the units digit of 1887/z - (-4 - -2)?
9
Let t(y) = y + y - 2*y - 11 - 17*y. Let n be t(-1). Let i(v) = -v**3 + 11*v**2 + 4*v - 20. What is the units digit of i(n)?
4
Let s = -14967 - -25665. What is the ten thousands digit of s?
1
Let u(p) be the second derivative of p**5/4 + p**4/12 - 7*p**3/6 + 21*p**2/2 - 18*p. What is the units digit of u(4)?
9
Suppose -4*k = -k + 12. Let g be 0 + -3 - 1352/k. Suppose u + 5*p - 150 = 0, -2*u + 4*u - g = -3*p. What is the tens digit of u?
7
Let s(u) = -u**2 + 8 - 335*u + 25*u**2 + 337*u. Let p be s(-4). Suppose -5*v + 591 = -n + 199, -5*v - 3*n = -p. What is the units digit of v?
8
Let m(a) = -27*a - 138. Let x(g) = -11*g - 55. Let j(w) = -5*m(w) + 12*x(w). Let k be j(-10). Let y(p) = 2*p**2 + 46. What is the units digit of y(k)?
6
Suppose 37*j - 11673501 = -191*j + 1314519. What is the hundreds digit of j?
9
Suppose -5*u + 4*u = 3. What is the tens digit of (4/u)/2 + 75276/162?
6
Let a(u) = -1920*u**3 - 8*u + 8. Let d be a(1). What is the tens digit of 1/((-9)/d) - (-40)/24?
1
Suppose -3*i = -5*d + 25431 + 16051, 2*i - 2 = 0. What is the units digit of d?
7
Let z(i) = -i**3 + 28*i - 9. Let v be z(-5). Let k = 5 + -11. Let f = k - v. What is the units digit of f?
8
Suppose 3*u - 12 = 0, -2*d + 320 = 4*u - 276. Suppose d + 1432 = 3*g. What is the units digit of g?
4
Suppose 4*g + 4*f = -43 + 15, -g = 3*f + 13. What is the units digit of -8*(672 - 3)*g/24?
2
Let v(k) = 6*k**2 - 127*k + 687. What is the hundreds digit of v(66)?
4
Let k(a) = -107*a**2 + 146*a**2 + 1 + 265*a**2 + 1. What is the tens digit of k(-1)?
0
Let h = -43595 - -111465. What is the hundreds digit of h?
8
Let a = -6090 + 9556. What is the units digit of a?
6
Let a(p) = -11*p**3 - 122*p**2 - 6*p + 26. What is the thousands digit of a(-17)?
8
Suppose -64*g - 3192 = -71*g. Suppose n - 679 = -3*k + 5*n, -2*k = -2*n - g. Suppose 117 + k = 5*f. What is the units digit of f?
0
Let t(f) = 3*f**3 - 5*f**2 - 5*f - 1. Let i(c) = -2*c**3 + 4*c**2 + 4*c + 2. Let m(n) = -4*i(n) - 3*t(n). Suppose v + 8 = -3*v. What is the units digit of m(v)?
1
Suppose -291058 = -34*v + 620822. What is the units digit of v?
0
Let y be (-36)/(-18) - (-766)/(2*-1). Let u = -325 - y. What is the units digit of u?
6
Let o = 72 + -92. Let h be (-5 - (-7)/2)*o/6. Suppose -g = h*k - 124, 0 = 2*k - 7*k - 25. What is the tens digit of g?
4
Let r(n) be the third derivative of -23*n**4/4 - 20*n**3/3 + 24*n**2. What is the hundreds digit of r(-3)?
3
Let k(z) = 4*z**2 - 6*z**2 + 45*z + 47*z + 43*z - 144*z + 3. Let m be (-3 - (-2)/(-2))*1. What is the units digit of k(m)?
7
Suppose 0 = 5*v + 5*j - 66175, 3*j - 13241 = -2*v + v. What is the hundreds digit of v?
2
Let a(p) = p**3 - 3*p**2 - 3*p - 9. Let i be a(4). Let z(w) = -w**2 - 12*w - 7. Let x be z(-8). What is the hundreds digit of i*(-5)/x - -182?
1
Let r = 99 + -93. Suppose r*p - 8*p + 8 = 0. What is the hundreds digit of -4*(-179)/p + -1?
1
Let m = -1140 + 368. Let r = 381 - m. What is the tens digit of r?
5
Suppose 0 = 4*f - u - 52068, 3*f + 13451 = 5*u + 52519. What is the ten thousands digit of f?
1
Let v = -50 + 52. Suppose v*c - 860 = -3*c. Suppose -3*k - j = -c, -3*k = -5*j - 274 + 90. What is the tens digit of k?
5
Let g(s) = 216*s**2 + 45*s - 330. What is the hundreds digit of g(11)?
3
Let i(d) = -352*d + 5301. What is the units digit of i(14)?
3
Let b = 1266 - -259. Suppose -315 - b = -10*k. Let h = 395 - k. What is the units digit of h?
1
Let g be ((-9)/15)/((-2)/30). Let r(c) = c**3 - 9*c**2 + 2. Let l be r(g). What is the units digit of (9/6)/(l/96)?
2
Let n = 113 - 109. Suppose 0 = -5*h + 4*a - 9*a + 620, 3*a = n*h - 475. What is the units digit of h?
1
Let r be 4/14 + 317/(-7). Suppose -20 = -5*p, -4*i - p = 13 - 1. What is the hundreds digit of 14/(i - 186/r)?
1
Let k(i) = -17*i + 3. Let q = -41 - -37. Let m be k(q). Let d = m - 2. What is the tens digit of d?
6
Suppose 749*u + 215040 = 757*u. What is the ten thousands digit of u?
2
Suppose -37*w + 25*w = 36. What is the units digit of (-2 - 28)/(((-21)/w)/(-126))?
0
What is the tens digit of (-2)/6 + 1 - (-4350)/9?
8
Let b = -239 + 244. Suppose b*q = 1843 + 877. What is the tens digit of q?
4
Let r = 54 - 50. Suppose 2*f + w = 576, 2*f - r*w - 306 = f. What is